n(q) + 7*t(q). Calculate s(2).
2
Suppose 0 = 3*i + 3*v - 2*v, 5*i + 10 = -5*v. Let t be 0/1 + (i - 0). Let k(d) = 7*d**2 - 2*d + 1. Give k(t).
6
Let d(c) = -2*c**3 + c - 1. Let o(i) = -11*i**3 + 10*i**2 + 14*i - 15. Let x(j) = -6*d(j) + o(j). Give x(-9).
0
Let v(q) = -q. Let s = -4 + -1. Let p be 1*s*1/1. What is v(p)?
5
Let l be -4 + 2 + -2 + 0. Let r(s) be the third derivative of s**4/12 + s**3/2 - 2*s**2. Give r(l).
-5
Let x = 1 - -3. Suppose 2*c + x*z = 16, 3*c - 13 = -3*z - 1. Let d(v) = v**3. What is d(c)?
0
Suppose -o = -3*o - 2*s + 2, -o = 4*s + 5. Let n(g) = g**3 - 3*g**2 + 3*g - 1. Give n(o).
8
Let z(s) = s - 1. Let y(t) = 4*t - 1. Let m(p) = p. Let j(n) = 2*m(n) - y(n). Suppose -7 = -w + 3*x - 2, w + 3*x + 1 = 0. Let u be j(w). What is z(u)?
-4
Let a be (2 + -3)/(3/(-12)). Suppose -3*p - 2*i = 16, -2*p - 2*i + a = 16. Let r = 3 + p. Let h(b) = b**3 + b**2 - 1. What is h(r)?
-1
Let b(c) = -6 + 6*c**2 - 8*c**2 - 4*c + 3*c**2 + 0. Determine b(6).
6
Let c(p) = -p**3 + 35*p**2 - 38*p + 134. Let g be c(34). Let z(n) = 2*n + 5*n + 3 - 5*n. Determine z(g).
-1
Let f(r) = 7 - r + 2*r + 2*r - 6*r. Let y(c) = 3*c - 6. Let o(m) = 6*f(m) + 7*y(m). Determine o(-1).
-3
Suppose -7*k = -5*k + 10. Let d(l) be the first derivative of -l**4/12 - l**3/2 + 5*l**2/2 + 2*l - 2. Let h(v) be the first derivative of d(v). Calculate h(k).
-5
Let b = -1 - -1. Let p(z) be the third derivative of z**4/24 + 5*z**3/3 - 8*z**2. Determine p(b).
10
Let f(p) = -10*p**2 + 11*p - 4. Let k(w) = -7*w**2 + 7*w - 3. Let a = 8 + -1. Let q(m) = a*k(m) - 5*f(m). Determine q(5).
-6
Let k(a) be the third derivative of -6*a**2 - 1/60*a**5 - 1/3*a**3 + 0*a + 0 + 1/8*a**4. Determine k(2).
0
Let c(h) = -h**3 + 2*h**2. Let g be c(2). Let n(m) be the second derivative of m**4/12 - m**3/6 - m**2/2 - 6*m. Calculate n(g).
-1
Let d(h) = -10*h + 0 + 9*h + 0. Give d(-5).
5
Let q(m) be the third derivative of -1/20*m**5 + 1/60*m**6 + 1/24*m**4 + 0 - 1/6*m**3 + 2*m**2 + 0*m. Determine q(2).
5
Let v(h) = -h**2 + 16*h + 12. Let b be v(17). Let x(d) = -d**2 - 8*d - 5. What is x(b)?
10
Suppose 7 = 3*m + 4. Let i = m - 6. Let h(u) = -u**2 - 6*u + 2. Give h(i).
7
Let i(y) be the third derivative of -1/120*y**6 + 1/30*y**5 - 4*y**2 + 0*y - 1/6*y**3 + 0 - 1/12*y**4. Calculate i(2).
-5
Let t(p) = 8*p**2 - 6*p + 4. Let x(j) = -9*j**2 + 7*j - 5. Let f(q) = 4*t(q) + 3*x(q). Calculate f(2).
15
Suppose -4*w = -4*h, 4*w + 7*h = 2*h + 36. Let i(a) be the third derivative of -3*a**2 + 0 + 1/60*a**6 + 0*a**3 - 1/20*a**5 + 0*a**w + 0*a. What is i(2)?
4
Let q be (-5 + -1)/(6/(-4)). Let t(f) = -f - 3*f - q*f**2 + 1 + 2*f**2. What is t(-3)?
-5
Suppose 17*r - 22*r - 30 = 0. Let u(w) = 5*w. Let t(x) = -14*x - 1. Let h(n) = -6*t(n) - 17*u(n). What is h(r)?
12
Let n(j) be the third derivative of -j**6/120 - j**5/12 + j**4/4 - j**3 + 10*j**2. What is n(-6)?
-6
Let n(s) = s**3 - s**2 - 1. Suppose 28 + 2 = 3*g. Let k = g + -10. Determine n(k).
-1
Let w(t) = -2*t**2 - 2*t + 3. Let y = 24 - 27. Calculate w(y).
-9
Let s(t) = -4*t - 16*t**2 - 3 + 31*t**2 + 1 - 16*t**2. What is s(-5)?
-7
Let z(h) = h**2 - 5*h - 1. Let m(c) = -c**3 + c - 1. Suppose -4 = 21*a - 19*a. Let u be m(a). What is z(u)?
-1
Let w(j) be the third derivative of -j**7/5040 - 11*j**6/720 - j**5/30 + 3*j**2. Let i(z) be the third derivative of w(z). Let k = -8 - -3. Give i(k).
-6
Let y be (0 + 6)/(15/(-10)). Let k(m) = m - 1. Let s(o) = -2*o. Let q(t) = 6*k(t) + 4*s(t). Give q(y).
2
Suppose 6*i - s = 5*i + 5, -3*i + 5*s = -13. Let k(d) = d**3 - 7*d**2 + 6*d. What is k(i)?
0
Let c(a) = a**3 - a + 5 + a**2 + 7*a**2 - 11. Give c(-8).
2
Let n(b) = -b**2 + 8*b - 3. Suppose -4*c + 20 = -2*c - 3*p, 4*c = 3*p + 34. Calculate n(c).
4
Let y(a) = 7*a - 7. Let s(g) = 6*g - 8. Let j(b) = -6*s(b) + 5*y(b). Let l be j(9). Let q(w) = -w**2 + 5*w + 2. Calculate q(l).
6
Let z be (-14)/(5/(10/(-4))). Suppose 2*u - z*u + 20 = 0. Let o(r) = r**3 - 4*r**2 - 2*r + 5. What is o(u)?
-3
Let l be (-9)/(-2) + (-6)/4. Let q be (-3)/(6/(-4)) - 1. Let n(k) = -q + 6 + 1 + l*k. Determine n(-4).
-6
Let i(d) be the third derivative of 3*d**5/20 - d**3/6 - 8*d**2. Give i(-1).
8
Let v be 2/(-6) + 7/3. Suppose -2*c = 3*n - 11, -5*c + v*c - 2*n + 14 = 0. Let z(f) = 2*f + 1. Let d(r) = -1. Let a(g) = 6*d(g) + z(g). Determine a(c).
3
Suppose 5*f + 5*p = -40, -3*f = -2*p + p + 20. Let a = -4 - f. Let c(y) be the second derivative of -y**3/6 + 3*y**2/2 + y. Determine c(a).
0
Let i(l) = -9*l**3 + 4*l**2 + 9. Let c(m) = 5*m**3 - 2*m**2 - 5. Let t(f) = 7*c(f) + 4*i(f). What is t(2)?
1
Let u(n) = 6*n**3 + 5*n**2 - 7*n - 2. Let t(l) = 7*l**3 + 6*l**2 - 8*l - 3. Let j(w) = 5*t(w) - 6*u(w). What is j(2)?
-7
Let t(l) be the first derivative of -1/3*l**3 - 4 - 5/2*l**2 + 7*l. Calculate t(-5).
7
Suppose 49 + 51 = 5*k. Suppose -b = -5*d + 178, -4*b = -d - 9*b + k. Suppose 3*a = x - 19, 3*a = -0*x + 5*x - d. Let u(o) = o**2 - 2*o - 5. Calculate u(x).
3
Let t(p) be the third derivative of -p**4/24 + p**3/3 + 2*p**2. Let g = 18 + -22. Calculate t(g).
6
Let x(c) = -c**3 + 3*c**2 + 3*c + 4. Let r be x(4). Let o(t) be the second derivative of t + 0 - 3/2*t**2 - 1/12*t**4 + 0*t**3. Calculate o(r).
-3
Let s(x) be the first derivative of -x**3/3 + 3*x**2/2 - 2*x - 18. Suppose 5*u + 2*c - 15 = 0, 2*c = -u + 5*c + 3. Calculate s(u).
-2
Suppose -i + 1 + 1 = 0. Let p(l) = -l**i - 8*l - 4 - 3 + l. Determine p(-6).
-1
Let m be 2/9 - (-235)/(-45). Let v(h) = h**3 + 5*h**2 - 2*h - 4. Give v(m).
6
Suppose -5*r = -3*r - 26. Let f = 11 - r. Let u(x) = -x**3 - 2*x**2 + 3*x + 2. Calculate u(f).
-4
Let f(p) be the third derivative of 1/24*p**4 + 0 + 0*p**3 + 3*p**2 + 1/20*p**5 + 0*p. Determine f(-1).
2
Suppose -7*q = 8*q - 12*q. Let l(u) be the third derivative of -1/24*u**4 + 0 - 1/10*u**5 + 1/120*u**6 + 4*u**2 + q*u + 5/6*u**3. Give l(6).
-1
Let u(a) = 5*a - 5. Let i(o) = -o + 1. Let x(g) = -9*i(g) - 2*u(g). What is x(-5)?
6
Let b(k) = -2*k**3 + 2*k**2 + k. Let o be b(2). Let x(v) = -6*v - 11. Let c(z) = z + 2. Let p be -1 - (-2 - -4)*5. Let g(d) = p*c(d) - 2*x(d). Determine g(o).
-6
Let y(r) be the second derivative of r**5/120 + r**4/6 + r**3/2 + 2*r. Let t(a) be the second derivative of y(a). Give t(0).
4
Let z(a) = 3*a**3 + 32*a**2 - 29*a + 1. Let j(u) = -u**3 - 11*u**2 + 10*u. Let x(f) = 17*j(f) + 6*z(f). Suppose -23 - 1 = 4*r. Calculate x(r).
-6
Suppose 0 = 5*v - 7 - 8. Suppose 0 = v*z - 7*z - 4. Let g be (2/(-4))/(z/2). Let f(p) = -5*p**3 + p**2 - p. What is f(g)?
-5
Suppose 4 = f + 1. Let o(p) = 3 + 2 - 3*p + p**2 - 4 - f. What is o(5)?
8
Suppose 64 = -3*g + 46. Let i(z) = z**2 + 8*z + 8. What is i(g)?
-4
Let p(r) = 6*r**3 + r**2 + 2*r + 1. Let z(h) = h**2 + h. Let m(n) = -p(n) + z(n). Let g = 1 - 2. Give m(g).
6
Let s(r) = -r**3 - 5*r**2. Let z = -25 + 40. Let c(i) = i**2. Let j(d) = z*c(d) + 3*s(d). Give j(1).
-3
Suppose -2*l = -u + 15, -3*l - 22 - 13 = -4*u. Let f(z) be the first derivative of 5/2*z**2 - 5*z + 1 - 1/3*z**3. Calculate f(u).
-5
Let p(y) be the first derivative of 11*y**2/2 - 7. Let j = -16 + 24. Let x(v) = 4*v. Let g(f) = j*x(f) - 3*p(f). Give g(3).
-3
Let h be 18/((-4)/(-2)) + -3. Let y(a) = -h*a**2 + a + 16*a**2 + 1 + a. What is y(-1)?
9
Let u(v) = 3*v**2 - 5*v + 4. Let g(t) = -8*t**2 + 15*t - 11. Let f(b) = -6*g(b) - 17*u(b). Let j(a) = 3*a**3 - 9*a**2 - 3. Let n be j(3). Determine f(n).
-14
Let n(f) = 14*f**2 - 14*f - 1. Let j(p) = 5*p**2 - 5*p. Let u(b) = 11*j(b) - 4*n(b). Let i be u(0). Let a(q) = -q**3 + 3*q**2 + 3*q + 5. Determine a(i).
1
Let i(v) = -2*v - 3. Let d(l) be the first derivative of -l**4/4 - 3*l**3 + 9*l**2/2 - 14*l + 2. Let f be d(-10). Determine i(f).
5
Let a = -14 - -19. Let v(b) = b + 2. Determine v(a).
7
Let b(q) = q + 2. Let w be b(0). Let t(c) be the third derivative of -c**5/30 + c**4/8 - c**3/3 + 3*c**2. Let m be t(w). Let j(s) = 2*s + 6. Determine j(m).
-2
Let t = 18 + -18. Let i(x) = -x**3 + 9. What is i(t)?
9
Let a(c) = -c**2 + 5*c + 5. Let k be a(6). Let b = 0 + k. Let t(z) be the first derivative of -5*z**2/2 - z + 1. Give t(b).
4
Suppose -2*j - 2*j + 8 = 0. Let g(w) = 2 + 2*w + 1 - 4 + j. Give g(2).
5
Let p(x) = 2*x + 5. Let n(t) = -3*t - 4. Let c(k) = 3*n(k) + 4*p(k). Let r = -64 - -64. Determine c(r).
8
Let t(y) = 5*y**2 - 14*y + 3. Let w(b) = -3*b**2 + 9*b - 2. Let